 126?
117
What is the remainder when 2019 is divided by 38?
5
What is the remainder when 1449 is divided by 722?
5
Calculate the remainder when 221 is divided by 57.
50
Calculate the remainder when 1123 is divided by 15.
13
Calculate the remainder when 120 is divided by 29.
4
Calculate the remainder when 59 is divided by 48.
11
What is the remainder when 22538 is divided by 98?
96
Calculate the remainder when 198 is divided by 89.
20
What is the remainder when 316 is divided by 151?
14
Calculate the remainder when 2070 is divided by 16.
6
Calculate the remainder when 1042 is divided by 105.
97
Calculate the remainder when 150 is divided by 77.
73
Calculate the remainder when 1133 is divided by 562.
9
Calculate the remainder when 321 is divided by 83.
72
Calculate the remainder when 3486 is divided by 20.
6
What is the remainder when 139 is divided by 28?
27
Calculate the remainder when 89 is divided by 2.
1
Calculate the remainder when 24 is divided by 14.
10
Calculate the remainder when 81 is divided by 13.
3
Calculate the remainder when 2087 is divided by 21.
8
What is the remainder when 342 is divided by 105?
27
Calculate the remainder when 145 is divided by 31.
21
What is the remainder when 585 is divided by 12?
9
What is the remainder when 309 is divided by 34?
3
What is the remainder when 595 is divided by 43?
36
Calculate the remainder when 258 is divided by 66.
60
Calculate the remainder when 46 is divided by 21.
4
Calculate the remainder when 611 is divided by 196.
23
What is the remainder when 899 is divided by 151?
144
Calculate the remainder when 5062 is divided by 361.
8
Calculate the remainder when 75 is divided by 13.
10
Calculate the remainder when 457 is divided by 20.
17
What is the remainder when 369 is divided by 131?
107
Calculate the remainder when 18 is divided by 10.
8
Calculate the remainder when 1837 is divided by 456.
13
Calculate the remainder when 131 is divided by 32.
3
Calculate the remainder when 2694 is divided by 77.
76
What is the remainder when 973 is divided by 82?
71
What is the remainder when 736 is divided by 127?
101
What is the remainder when 73 is divided by 12?
1
What is the remainder when 205 is divided by 33?
7
What is the remainder when 272 is divided by 69?
65
Calculate the remainder when 415 is divided by 132.
19
What is the remainder when 229 is divided by 2?
1
What is the remainder when 196 is divided by 27?
7
Calculate the remainder when 7365 is divided by 351.
345
Calculate the remainder when 82 is divided by 28.
26
Calculate the remainder when 217 is divided by 20.
17
Calculate the remainder when 32 is divided by 20.
12
Calculate the remainder when 154 is divided by 65.
24
What is the remainder when 123 is divided by 36?
15
What is the remainder when 1021 is divided by 7?
6
What is the remainder when 2112 is divided by 92?
88
What is the remainder when 450 is divided by 20?
10
What is the remainder when 3087 is divided by 3067?
20
Calculate the remainder when 867 is divided by 30.
27
What is the remainder when 51 is divided by 13?
12
Calculate the remainder when 1060 is divided by 118.
116
Calculate the remainder when 1025 is divided by 79.
77
What is the remainder when 41 is divided by 25?
16
What is the remainder when 753 is divided by 48?
33
Calculate the remainder when 56 is divided by 47.
9
What is the remainder when 373 is divided by 94?
91
Calculate the remainder when 345 is divided by 133.
79
Calculate the remainder when 7097 is divided by 145.
137
What is the remainder when 562 is divided by 13?
3
Calculate the remainder when 939 is divided by 134.
1
What is the remainder when 3056 is divided by 29?
11
What is the remainder when 13023 is divided by 26?
23
What is the remainder when 59 is divided by 25?
9
Calculate the remainder when 64 is divided by 14.
8
Calculate the remainder when 1721 is divided by 246.
245
Calculate the remainder when 50 is divided by 18.
14
Calculate the remainder when 70 is divided by 18.
16
What is the remainder when 188 is divided by 6?
2
Calculate the remainder when 911 is divided by 76.
75
Calculate the remainder when 163 is divided by 33.
31
Calculate the remainder when 5245 is divided by 164.
161
Calculate the remainder when 1159 is divided by 43.
41
What is the remainder when 183 is divided by 65?
53
Calculate the remainder when 1698 is divided by 10.
8
What is the remainder when 695 is divided by 100?
95
What is the remainder when 1148 is divided by 546?
56
Calculate the remainder when 352 is divided by 33.
22
Calculate the remainder when 32 is divided by 2.
0
What is the remainder when 364 is divided by 133?
98
What is the remainder when 868 is divided by 67?
64
What is the remainder when 19 is divided by 4?
3
What is the remainder when 92 is divided by 4?
0
Calculate the remainder when 380 is divided by 122.
14
Calculate the remainder when 2431 is divided by 21.
16
Calculate the remainder when 2675 is divided by 14.
1
What is the remainder when 714 is divided by 65?
64
Calculate the remainder when 944 is divided by 194.
168
Calculate the remainder when 173 is divided by 11.
8
What is the remainder when 762 is divided by 172?
74
What is the remainder when 895 is divided by 23?
21
What is the remainder when 687 is divided by 115?
112
What is the remainder when 1979 is divided by 15?
14
Calculate the remainder when 592 is divided by 17.
14
What is the remainder when 409 is divided by 130?
19
What is the remainder when 219 is divided by 17?
15
What is the remainder when 881 is divided by 177?
173
What is the remainder when 553 is divided by 14?
7
What is the remainder when 136 is divided by 46?
44
What is the remainder when 3810 is divided by 37?
36
Calculate the remainder when 211 is divided by 106.
105
What is the remainder when 149 is divided by 19?
16
What is the remainder when 5847 is divided by 195?
192
What is the remainder when 5837 is divided by 99?
95
Calculate the remainder when 56 is divided by 22.
12
What is the remainder when 584 is divided by 28?
24
Calculate the remainder when 616 is divided by 211.
194
Calculate the remainder when 1145 is divided by 62.
29
What is the remainder when 279 is divided by 9?
0
What is the remainder when 514 is divided by 14?
10
Calculate the remainder when 241 is divided by 132.
109
What is the remainder when 357 is divided by 45?
42
Calculate the remainder when 239 is divided by 63.
50
Calculate the remainder when 67 is divided by 25.
17
Calculate the remainder when 14589 is divided by 12.
9
Calculate the remainder when 799 is divided by 32.
31
What is the remainder when 438 is divided by 55?
53
What is the remainder when 9722 is divided by 18?
2
What is the remainder when 49 is divided by 5?
4
What is the remainder when 158 is divided by 51?
5
What is the remainder when 41 is divided by 3?
2
What is the remainder when 402 is divided by 32?
18
Calculate the remainder when 2136 is divided by 93.
90
What is the remainder when 101 is divided by 19?
6
What is the remainder when 456 is divided by 148?
12
What is the remainder when 3004 is divided by 94?
90
Calculate the remainder when 404 is divided by 17.
13
Calculate the remainder when 602 is divided by 71.
34
Calculate the remainder when 49751 is divided by 11.
9
Calculate the remainder when 284 is divided by 151.
133
What is the remainder when 314 is divided by 16?
10
What is the remainder when 186 is divided by 145?
41
What is the remainder when 61 is divided by 9?
7
What is the remainder when 303 is divided by 62?
55
What is the remainder when 678 is divided by 34?
32
Calculate the remainder when 265 is divided by 67.
64
What is the remainder when 393 is divided by 195?
3
Calculate the remainder when 4962 is divided by 191.
187
Calculate the remainder when 91 is divided by 25.
16
What is the remainder when 32 is divided by 24?
8
Calculate the remainder when 179 is divided by 93.
86
Calculate the remainder when 311 is divided by 12.
11
Calculate the remainder when 372 is divided by 27.
21
Calculate the remainder when 390 is divided by 21.
12
Calculate the remainder when 217 is divided by 40.
17
What is the remainder when 62 is divided by 5?
2
What is the remainder when 8349 is divided by 2782?
3
What is the remainder when 235 is divided by 40?
35
Calc